uppose 4*n - 14 = 5*i + 40, 14 = -i + 4*n. Let l = 6 + i. Determine c(l).
7
Let t(k) = 38 - 16 + k - 16. Calculate t(-5).
1
Let c be (-28)/12 + 1/3. Let v(q) = 3*q - 2. What is v(c)?
-8
Suppose -5*t = -0*t + 15. Let p(w) = 2*w. Let l(u) = -10*u + 3. Let m(a) = l(a) + 6*p(a). Give m(t).
-3
Let n(j) = -1. Let m(b) = -b + 2. Let z(f) = -3*m(f) - 3*n(f). Give z(3).
6
Let q be ((-21)/9)/(1/(-3)). Let k(x) = -2*x + 9. Determine k(q).
-5
Let o(v) = 6 + 6 - 1 - 2 - v. Let u be o(7). Let d(c) = -3*c**2 + 3*c. What is d(u)?
-6
Let y(a) = -a - 9. Let k = 149 - 153. Calculate y(k).
-5
Let j(f) be the first derivative of -1/4*f**4 - 1 + 2*f - 1/2*f**2 + 1/3*f**3. What is j(2)?
-4
Let c = 4 + -4. Suppose c = o - 9 + 3. Let v(g) = -o*g + 0 - 1 + 3*g. Calculate v(1).
-4
Let d(q) = -q**2 - 3*q + 1. Let m be d(-4). Let k(l) be the second derivative of l**4/12 + 5*l**3/6 + 2*l**2 - 3*l. What is k(m)?
-2
Suppose 0 = -10*z - 19 + 99. Let f(c) = c**2 - 8*c - 6. Give f(z).
-6
Let h(y) = 2*y**3 - y**2 - 3*y + 2. Let s = 0 - -3. Suppose 4*l + 40 = 3*m, 4 = s*m + 5*l - 0. Suppose -i = t - 2, 4*i + 3*t = 6*t + m. Calculate h(i).
8
Let g(w) = 3*w**3 - w**2 + w - 1. Let h be -2*(7/(-28) + 1/(-4)). Give g(h).
2
Let d be 1 - (0 - (-2)/(-2)). Let q(t) = -t**3 - 4*t**3 + 2*t - t - d*t. Suppose 5 = 5*f - 0. Determine q(f).
-6
Let w(o) = -o**3 + 6*o**2 - 6*o. Let g(k) = k - 3. Let m be g(8). What is w(m)?
-5
Suppose -4*m - 2 + 8 = 5*b, 8 = -4*b. Let l be (-61)/(-9) + 4/18. Suppose -m*c - l = 9. Let q(p) = -p**3 - 4*p**2 - 5. What is q(c)?
-5
Let a(m) = m - 2. Suppose -4*d + 2*d - 4*o = -16, -4*d = 3*o - 17. Let g be a(d). Let y(r) = r - 8. Determine y(g).
-8
Let m(z) = z**2 + 3. Suppose -4*j + 9*j - 15 = 0. Let y be 0*2/(j + -1). Determine m(y).
3
Let v(b) = b**2 - 6*b + 6. Let r(s) be the third derivative of -s**5/60 + 7*s**4/24 + 2*s**3/3 - 2*s**2. Let l be r(7). What is v(l)?
-2
Let l(z) = z**3 + 3*z**2 - z + 2. Let y(h) = h**2 + 4*h - 8. Let s be y(-8). Suppose -4 = 5*v - s. Let c be (9/12)/((-1)/v). Calculate l(c).
5
Suppose p + p + 2*f = 4, p - f - 6 = 0. Let s(i) = 4*i + 9. Let x(d) = 3*d + 8. Let l(t) = -4*s(t) + 5*x(t). Give l(p).
0
Let m be 25/3 + ((-16)/(-6))/(-8). Let y(s) = 2*s - 10. What is y(m)?
6
Let o(t) = 2*t**3 - 3 + 0*t**3 - t - 2*t**2 + 1. Let z(u) = u**3 - 2*u**2 - 7*u - 2. Let j be z(4). Suppose -4*k = 4*l - 12, k + 4*l - 4 = j. What is o(k)?
4
Let p(b) be the first derivative of -b**3 + b - 3. Let l = 2 - 3. Determine p(l).
-2
Let y(c) = -c**3 - c**2 + 2*c + 1. Let r(u) = 3*u**2 - u. Let g be r(1). Suppose 0 = -g*x - 0 - 4. Calculate y(x).
1
Let c be (1/2)/(2/4). Let o(q) = q + q - c + 0. Let i be (2/(-6))/(9 - (-112)/(-12)). What is o(i)?
1
Let s(t) = -4*t**3 - 3*t**2 + 4*t - 1. Let g(m) = m**3 - m**2 + m - 1. Let r(f) = -3*g(f) - s(f). Determine r(-7).
4
Let o(x) = -x + 9. Let d(k) = k**2 - 5*k - 7. Let i be d(5). Let z(u) = 2*u - 17. Let j(c) = i*o(c) - 4*z(c). Calculate j(0).
5
Let n = 1 - 0. Suppose 4*j + 20 = 2*l, -4*j = 3*l + l - 16. Let b(o) = o + 1. Let k(m) = 7*m**3 - 2*m**2 - 5*m - 6. Let i(u) = l*b(u) + k(u). Determine i(n).
6
Let q(b) = b**3 + 10*b**2 + 2*b + 15. Let i(p) = -2*p + 38. Let f be i(24). What is q(f)?
-5
Let n(z) = 6*z**3 - z**2. Let k be ((-8)/(-10))/((-2)/(-5)). Let a = -12 - -13. Let r = k - a. What is n(r)?
5
Suppose 0 = 2*k - k - 4. Let u(s) = 3 - s**3 - 4 + 5*s**2 - 4 - s. Determine u(k).
7
Let a(p) be the third derivative of 11*p**5/60 - p**4/24 - p**3/6 - 4*p**2. Give a(-1).
11
Let d(u) be the third derivative of u**6/60 + u**5/30 + u**4/24 - u**2. Suppose 3*n - 4*n = -9. Let h = n - 10. Give d(h).
-1
Let h(f) = -8*f + 1. Let y be h(-2). Let b = y + -11. Suppose -5*x = 16 - b. Let w(d) = -d**3 - 2*d**2 + d - 1. Determine w(x).
-3
Let k = 9 + -15. Let i(u) = -3*u - 5. What is i(k)?
13
Let k(f) = f - 2 + 0*f**2 - f**2 + 4*f + 4. Let g = -9 + 15. Give k(g).
-4
Let b(k) = -k - 16 + 38 - 23. What is b(-2)?
1
Let g(j) = -3*j**2 + 10*j - 3. Let l(t) = -t**2 + t. Let a(d) = g(d) - 4*l(d). Calculate a(-8).
13
Suppose -8*s = -3*s. Let q(f) = f**3 + 5*f**2 - 7*f. Let g be q(-6). Let l(r) = r**2 - 2*r + 5*r - 9 + 4*r - g*r. Give l(s).
-9
Let h be ((-2)/4)/((-1)/8). Let a(z) = 3*z**2 + 2 - z**3 - 1 - 5 + 3*z. What is a(h)?
-8
Suppose -7*d + 3*d = -72. Suppose -d*t - 4 = -14*t. Let w(a) = 8*a**3 + a + 1. Give w(t).
-8
Suppose -t + 4*t - 3 = 0. Let g(c) = 3*c**3 - 3*c - 2*c**2 + c**2 + 4*c - 1. What is g(t)?
2
Let c(r) be the second derivative of 0 - 2/3*r**3 - 2*r + 0*r**2. Suppose -2*n - l = 0, 2*l + 0*l = -2*n + 4. Calculate c(n).
8
Let x(l) = -l**3 + l**2 - 3. Suppose -3*d = -a + 17, 4*d + 45 = 5*a - d. Suppose a - 1 = 3*f - 2*w, 0 = -5*w - 10. Give x(f).
-3
Let c be (18/4)/((-3)/(-4)). Let t(r) be the first derivative of r**2 - 3. What is t(c)?
12
Let g(q) be the first derivative of q**3/3 - 2*q**2 - 3*q + 13. Give g(-2).
9
Suppose 0 = -2*t + 10, 2*r + 8*t = 4*t + 26. Let k be (-4)/r - 8/12. Let p(s) = 2*s + 1. What is p(k)?
-3
Let r(i) = i - 1. Suppose -3*k + 18 = 12. Suppose -5 - 1 = k*h. What is r(h)?
-4
Let l be (-20)/6*9/(-6). Let g = 7 - l. Let h(i) = -5*i**2 - 5*i - 3 + i**3 + 5*i**2 + 4*i**2 - 2*i**g. Calculate h(-3).
3
Let b(d) be the first derivative of d**2 - d + 2. Suppose -4*a - 1 = 3*z, 0*z = 4*z - 2*a - 6. Let o = z + 2. Give b(o).
5
Let d(b) = -b**2 - b - 1. Let a be 10/(-15) + 2/(-6). What is d(a)?
-1
Suppose 4*s = 2*l - 10, 5*l + 0*s = -4*s + 11. Let o(h) = -2*h - h**l - h**2 + 0*h + h. Let m be o(0). Let z(k) = k**2 - 4. Give z(m).
-4
Let r(z) = -z**3 + 3*z**2 + 3*z - 3. Let v be 1 + -1*(0 - 0). Let o = -7 - -12. Suppose v + 9 = o*u. Give r(u).
7
Let l(q) = 6*q - 2. Let n(u) be the third derivative of 7*u**4/24 - u**3/3 + 5*u**2. Let w(a) = 6*l(a) - 5*n(a). Calculate w(0).
-2
Let a(k) = 5*k**2 + 2*k. Let r(o) = 4*o**2 + 2*o + 1. Let j(h) = 3*a(h) - 4*r(h). Calculate j(-3).
-7
Let n(j) be the first derivative of -2*j**2 + 5. Let v = 3 + -2. Give n(v).
-4
Let g = 3 - 1. Let x = 2 + 0. Let s(h) = -g*h**x + h - 1 + 1. Calculate s(-1).
-3
Let l(y) = 3*y**3 + 15*y**2 - 7*y + 14. Let m(u) = -u**3 - 5*u**2 + 2*u - 5. Let t(h) = 4*l(h) + 11*m(h). Determine t(-6).
1
Let c(z) = z**2 - 4*z - 4. Let d be c(6). Suppose -12 = 3*n + 3, -n - d = -3*r. Let t(b) = 7*b**2 - 2*b + 1. Give t(r).
6
Let h(g) = -2*g**2 - 3*g**2 - g - 4*g - g**3 - 2. Let b be h(-4). Let x(y) = -y**2 - 3 + 2*y + 1 + 0*y. Determine x(b).
-2
Let r(u) = -u**2 + 8*u + 4. Let c = -72 - -79. What is r(c)?
11
Suppose -7*t + 2 = 9. Let c(b) = 8*b**3 - b. What is c(t)?
-7
Suppose 9 = s + 1. Suppose s*f = 4*f + 8. Let o(k) = 0 + k**f + 4*k - 4 + 0*k**2. Determine o(-5).
1
Let p(j) be the second derivative of 0 + j + 1/2*j**2 + 1/4*j**4 - 1/20*j**5 - 1/3*j**3. Let x(a) = 2*a**3 + 2*a**2 - 2*a + 1. Let q be x(1). Calculate p(q).
-5
Let d(i) = 8*i + 2. Let u(v) = 7*v + 1. Let k(s) = -6*d(s) + 7*u(s). Let t(r) = r**2 - 14*r + 19. Let q be t(13). Determine k(q).
1
Let w(i) = -i - 4. Let r(g) = -1. Let m(h) = r(h) - w(h). What is m(-4)?
-1
Let j(y) be the first derivative of 2*y**2 + 5*y - 22. Determine j(-4).
-11
Suppose -4*l = -2*t, 10 = -3*l - 0*l - t. Let n(o) = -10*o**2 + 3 + o + o - o**3 + 6*o**2. What is n(l)?
-9
Let a be (2 - 3)/((-3)/9). Suppose -5*t - 8 = -a*t. Let v(f) = -f**2 - 4*f + 2. What is v(t)?
2
Let l(r) be the second derivative of r**4/4 - r**3/2 + r**2/2 + 4*r. Suppose 5*n - 2 - 8 = 0. Calculate l(n).
7
Suppose -3*z = -6*z + 9. Suppose -z*m + 12 = m. Let k(y) = -y - 3 + m. Give k(3).
-3
Let k(v) = v**3 + 8*v**2 + 7*v - 6. Let j be k(-7). Let p(s) = -s**3 - 1 + s + 81*s**2 - 86*s**2 + 5*s. Calculate p(j).
-1
Let b(u) = 3*u - 2. Suppose -k = 5*x + k + 12, 1 = -2*x + 3*k. Give b(x).
-8
Suppose 4*i + 2 = -2*k, i = 4*k + 3 + 1. Let j(z) be the first derivative of z**3/3 + z**2/2 - 5*z - 16. Give j(i).
-5
Let g(w) = 7*w**2 + 6*w - 1. Let x(s) = 8*s**2 + 7*s - 1. Let l(z) = 7*g(z) - 6*x(z). What is l(-1)?
0
Let l(v) = v**2 + v. Let s(i) = 4*i**2 + i + 2. Let g(m) = -3*l(m) + s(m). Calculate g(3).
5
Let w(v) be the second derivative of -v**5/20 - v**4/3 - 2*v**3/3 - v**2/2 + 13*v. Give w(-4).
15
Let i(f) = f**3 + 6*f**2 - 7*f + 2. Suppose 0 = -0*z - 4*z - 3*l - 43, 5*z + 4*l + 55 = 0. Let t be i(z). Let x(m) = 5*m - m - t*m**2 - 7*m. Calculate x(-3).
-9